2/(-12)?
0
Let b(u) = -11*u + 24. Let s = 45 - 30. Suppose -2*k - k - s = 0. What is the remainder when b(k) is divided by 27?
25
Let q = -5021 - -5495. What is the remainder when q is divided by 56?
26
Suppose 4*m = 2*m + 120. Let l = -8776 + 8782. Calculate the remainder when m is divided by l.
0
Suppose -9*i + 6*i + 75 = 0. Let l be (2 - 2)*(-1)/(-1). Suppose 2*d = -x + 192, 2*d = 2*x - l*x + 198. What is the remainder when d is divided by i?
22
Suppose -15153 + 11963 = -5*a. What is the remainder when a is divided by 25?
13
Let k = 58 + -55. Let b be (-24)/(-9) + 1/k. Suppose 28 = u - o - 2*o, -5*u = b*o - 68. What is the remainder when 62 is divided by u?
14
Suppose 0*c + 437 = -23*c. Let g(l) = 2*l**2 + 37*l - 4. What is the remainder when 100 is divided by g(c)?
10
Suppose 2*v - 178 = 2*a - 150, 8 = v + 5*a. Suppose 3*u = -30 + 171. Calculate the remainder when u is divided by v.
8
Suppose -39*f - 104*f = -88231. Calculate the remainder when f is divided by 37.
25
Suppose 2*v = 5*v - 36. Suppose 3*x - v*x + 1575 = 0. Calculate the remainder when x is divided by 45.
40
Let c = 10645 + -10468. Calculate the remainder when 1578 is divided by c.
162
Let v = 53 - 29. What is the remainder when 10/45 + ((-63)/243)/7*-939 is divided by v?
11
Let a(k) = 6*k**2 + k + 2. Let m = -196676 - -196696. What is the remainder when a(-2) is divided by m?
4
Let g(a) = -a**2 + 2*a + 11. Let v be g(4). Suppose 5*b = -3*z + 222 + 134, 347 = v*z - 4*b. What is the remainder when z is divided by 33?
18
What is the remainder when ((-2)/(-4) - 2)*(-1074)/9 is divided by (-1818)/(-30) - (-6)/15?
57
Let p = 3977 + -5799. Calculate the remainder when p/(-22) - (-10)/55 is divided by 29.
25
Let u = -47 + 119. Suppose 5*h = -9*o + 9723, 0 = 20*o - 24*o + 3*h + 4290. Calculate the remainder when o is divided by u.
69
Let s(m) = 2*m**2 - 26*m + 2. Let v be s(13). Suppose 11*n + 273 = l + 6*n, n = v*l - 501. Calculate the remainder when l is divided by 10.
8
Let l = 2867 - 2786. Calculate the remainder when 112 is divided by l.
31
Suppose m - 5*p - 103 = 0, m + 0*m + 5*p = 83. Let a = 81 - 42. Let x = m - a. Calculate the remainder when x is divided by 8.
6
Calculate the remainder when ((-2)/(5 + 1))/(-4 - 320675/(-80175)) is divided by 153.
151
Let c = -198 + 218. Let t = c - 12. Calculate the remainder when 38 is divided by t.
6
Let y(l) = l + 28. Let g be y(-19). Let p be (6 + -2 - -136) + 0. Suppose -p = 5*s - g*s. Calculate the remainder when s is divided by 12.
11
Suppose 0 = q + 2*q - 18. Suppose -2*o + q = -0*o. Calculate the remainder when o is divided by 1608/(-4422)*22/(-4).
1
Let p(g) = -g + 16. Suppose 0 = -7*t + 12*t - 185. What is the remainder when t is divided by p(4)?
1
Let b(g) = 4*g**2 + 37*g - 719. Calculate the remainder when b(-31) is divided by 222.
202
Let y = 66 - 65. Let a be 1/(-4) + (y - (-171)/12). Suppose -a*m = -9*m - 54. Calculate the remainder when 32 is divided by m.
5
Suppose -8*j + 944 + 1072 = 0. Suppose 3*r - 3*w = j, -4*w = -5*r + 115 + 302. What is the remainder when r is divided by 21?
18
Let v(n) = -n**2 + 12*n + 5. Let j(t) = -2*t**3 - 6*t**2 + t - 14. What is the remainder when v(10) is divided by j(-4)?
11
Suppose 2*f + 6*s - 294 = 2*s, 2*f = -5*s + 300. Calculate the remainder when 370 is divided by f.
100
Let i(k) = 9*k - 22. Let c be i(3). Suppose -169 = -3*x + c*q, 12*q - 9*q + 6 = 0. Calculate the remainder when 100 is divided by x.
47
Suppose -2*y = -52 + 14. What is the remainder when (-9)/(-3) + (y - (-6 + 2)) is divided by 25?
1
Let a(i) = -2*i**2 - 13*i - 4. Let v = 130 - 136. Let y be a(v). Suppose 0*s + y*w + 11 = s, 5*s - 2*w - 47 = 0. What is the remainder when 17 is divided by s?
8
Let h(d) = 15*d**2 + d. Let q = 7 + -6. Calculate the remainder when 445/(-30)*-3 + (-9)/18 is divided by h(q).
12
Calculate the remainder when 10 + 3097 + (-10)/4*(-168)/70 is divided by 9.
8
Suppose -2*l = 3*j + j - 436, 2*l + 527 = 5*j. Suppose 104*y - j*y + 1044 = 0. Calculate the remainder when y is divided by 70.
68
Let a be -1 - (-4 + -1*18/(-6)). Suppose -n = -0*n - 2. Suppose -3*h - 5*b = -2*h - 104, 4*h + n*b - 380 = a. Calculate the remainder when h is divided by 49.
45
Let n(v) = -14*v**2 - 7*v - 3 + 9*v**2 + 4*v**2. Let b be n(-6). Calculate the remainder when (-53)/(-4)*(11 - b) is divided by 36.
34
Let y(q) = 15160*q + 45490. Let d(n) = n**2 + 23. What is the remainder when d(0) is divided by y(-3)?
3
Suppose 0 = 3*l - 5*m - 85, 2*m - 30 + 0 = -2*l. Suppose 29*g - 33*g + l = 0. What is the remainder when 22 is divided by g?
2
Suppose -5*m + 727 = -438. Let v = m - 218. Let t = -10 - -45. What is the remainder when t is divided by v?
5
Calculate the remainder when 1731 is divided by (3/12*2)/((-108)/(-3672)).
14
Suppose -4*c = 2*x, 0 = 91*x - 86*x - 5*c - 60. Suppose 4*s - 6 + 54 = 0. What is the remainder when 29 is divided by (-111)/s - (-6)/x?
9
Let r = 33 - 18. Calculate the remainder when ((-273)/(-6) + -16)*4 is divided by r.
13
Let q = -16 + 10. Let n = 3609 - 3590. Calculate the remainder when ((-28)/(-6))/(q/(-45)) is divided by n.
16
Let f = -54 + 99. Calculate the remainder when 222 is divided by f.
42
Suppose 3*b - 4125 = -2*y, -4*y + 14*b + 8259 = 11*b. Suppose r + y = 2095. What is the remainder when 58 is divided by r?
27
Let p be 2/7 + (-2340)/(-91). Let q = -13 - -13. Suppose 2*a + r - p = 0, 3*a - 3*r - 48 = -q*a. What is the remainder when 123 is divided by a?
11
Suppose -3*s - 527 = -4*n - 6*s, 4*n + 5*s = 521. Suppose 3*j - 475 - n = 0. Suppose j = 2*o - 27. What is the remainder when o is divided by 29?
28
Let c(u) = -12*u**2 - u - 6. Let o(x) = 6*x**2 + x + 3. Let f(t) = 4*c(t) + 9*o(t). What is the remainder when 0 + (-4)/(-2) - (-49 - -1) is divided by f(-2)?
16
Let b(l) = 20*l + 81 + 131*l**2 - 64*l**2 - 66*l**2. Calculate the remainder when b(-21) is divided by 16.
6
Suppose -34*p - 144 = -36*p. Suppose 8*w = 59 + 93. What is the remainder when p is divided by w?
15
Suppose -u = 3 + 6. Let h be 16/6 - (3 - (-21)/u). Suppose 3*n = 7*w - h*w + 66, 3*n = 3*w + 66. What is the remainder when 81 is divided by n?
15
Let b(j) be the second derivative of -2*j**3 + 17*j**2/2 + 53*j + 1. Calculate the remainder when b(-3) is divided by 9.
8
Suppose 24 = 4*x - 12. Suppose -x*g + 474 - 141 = 0. Let z = g + -24. Calculate the remainder when 23 is divided by z.
10
Suppose -7*w + 16*w - 1870 = -w. What is the remainder when w is divided by 49?
40
Let w = 45873 - 45853. Let y(f) = -2*f**3 - 4*f**2 - 2*f. Let h be y(-2). Suppose 3*n + h = 19. Calculate the remainder when w is divided by n.
0
Suppose -4*b - 139 = -463. What is the remainder when b is divided by (922/20 - 2) + 6/(-60)?
37
Suppose 61*b - 1178 = -167 + 758. Suppose 2*l = -l, 2*h - 4*l - 154 = 0. Calculate the remainder when h is divided by b.
19
Suppose -11*r + 2*r + 81 = 0. Let q(u) = u**3 - 4*u**2 - 43*u + 27. What is the remainder when 179 is divided by q(r)?
44
Let q(r) = -r**3 - 3*r**2 - 1. Let z be q(-4). Let i = -12 + z. Suppose i*s - 6*s + 3*x = -141, 4*s = 3*x + 192. What is the remainder when s is divided by 15?
6
Let a be 20 - (-2)/(8/(-20)). Suppose 883 = a*q - 122. Suppose -3*i = -7 - 98. What is the remainder when q is divided by i?
32
Suppose 8*q + 40 = 0, 49*b + 3*q = 51*b - 133. Let t(h) = -h**2 + 8*h - 1. Calculate the remainder when b is divided by t(4).
14
Let h(q) = -q**3 - 15*q**2 - 18*q - 10. Let j(o) = -o**3 - 14*o**2 - 18*o - 11. Let u(l) = -6*h(l) + 7*j(l). What is the remainder when 167 is divided by u(-6)?
15
Suppose -571*a = -3*o - 572*a + 155, 0 = 4*o - 4*a - 180. Calculate the remainder when 469 is divided by o.
19
Suppose -14 = -2*s - 0*s - 5*x, -4 = 2*x. Suppose -47 = -s*t + 1. Suppose 5 = 2*r - y, 7 + 9 = t*r + 4*y. Calculate the remainder when r is divided by 2.
1
Let l(w) = -w**2 + 1. Let o(k) = -2*k**2 - 5*k + 13. Let s(h) = 3*l(h) - o(h). Let j be s(5). What is the remainder when 35 is divided by -12*(55/j - -4)?
17
Suppose 20*d - 46 = 34. Suppose 0 = -d*j + 242 + 466. Calculate the remainder when j is divided by 30.
27
What is the remainder when -16234*72/(-176) + 2*1/(-11) is divided by 7?
5
What is the remainder when 560 is divided by 9/(-27) + 722/(-12)*-2 + -7?
108
Suppose -8*n + 163 + 205 = 0. Supp